 what is 2 + -13642885?
-13642883
In base 9, what is -128 + 2820421?
2820282
In base 7, what is 23 - 54401255?
-54401232
In base 3, what is -2 + 2011000001?
2010222222
In base 12, what is 54 + -108552?
-1084ba
In base 3, what is 1220012201 - 21021111?
1121221020
In base 9, what is 28468 - 10535?
17833
In base 10, what is 1277 + -1511?
-234
In base 5, what is -1303011013 - 2003?
-1303013021
In base 8, what is -44425746 - -4?
-44425742
In base 9, what is -1 + -520373?
-520374
In base 14, what is -1b4a3522 + 3?
-1b4a351d
In base 15, what is -210 + 5e1a?
5c0a
In base 16, what is 104 - -26408?
2650c
In base 9, what is -4087 - 111568?
-115666
In base 6, what is 154312103 + -134?
154311525
In base 16, what is -f + -12b8a?
-12b99
In base 2, what is -10110000001000100 - -101111111?
-10101111011000101
In base 16, what is 1eb569 - -4?
1eb56d
In base 12, what is -97188 + -17a?
-97346
In base 16, what is -b6b2328 + 2?
-b6b2326
In base 2, what is -10100011 + 1111000001110101?
1110111111010010
In base 2, what is -100011010 + -101111010000010010?
-101111010100101100
In base 14, what is 346c5 + 12?
346d7
In base 5, what is -4 + -40112144102?
-40112144111
In base 11, what is -3 - -981206?
981203
In base 8, what is -273234460 + 3?
-273234455
In base 9, what is 10 + -2415138?
-2415128
In base 15, what is -1e997b - -71?
-1e990a
In base 5, what is -20012 + -120011432?
-120031444
In base 10, what is -1395 + -20516?
-21911
In base 11, what is 0 + 213028a4?
213028a4
In base 12, what is 84748a + 8?
847496
In base 15, what is c699d + 30?
c69cd
In base 6, what is -140001 - 3053?
-143054
In base 15, what is -6a7be15 - 3?
-6a7be18
In base 5, what is -432200 - -114000?
-313200
In base 5, what is -10 + -33212402010?
-33212402020
In base 16, what is 16 - 3e2a2?
-3e28c
In base 12, what is 348b71 + 8?
348b79
In base 10, what is 63963310 - -5?
63963315
In base 12, what is -4 + 32063a?
320636
In base 6, what is 1534 - -2302240?
2304214
In base 14, what is 8b5 + a6c?
1543
In base 15, what is 1457 + -16c9?
-272
In base 2, what is 100110011 - -111110110110101?
111111011101000
In base 11, what is 37289 - 2289?
35000
In base 16, what is -1cca9e + 4?
-1cca9a
In base 9, what is 24882207 + 8?
24882216
In base 4, what is -32031221132 - -33?
-32031221033
In base 14, what is 17 - -3cbd57?
3cbd70
In base 2, what is 1010010001 - -1111011010011111110?
1111011011110001111
In base 6, what is -2411525 - -1525?
-2410000
In base 15, what is -9ecbac - 0?
-9ecbac
In base 12, what is -63046 + 1624?
-61622
In base 8, what is -66324 - 51?
-66375
In base 4, what is 22 - 2220111002?
-2220110320
In base 6, what is -4014 - -1552121?
1544103
In base 14, what is ba5 + 3410?
41b5
In base 3, what is 11122 + 22100121102?
22100210001
In base 8, what is 31 - 146413400?
-146413347
In base 5, what is -14 - 14324031301?
-14324031320
In base 8, what is -3702742407 - 0?
-3702742407
In base 9, what is 4515 + -5300?
-674
In base 5, what is -444041304 + 133?
-444041121
In base 3, what is 1012011220210 + -2111?
1012011211022
In base 12, what is 181325918 - 3?
181325915
In base 11, what is -1909 - 67011?
-6891a
In base 14, what is -4 + 677250b?
6772507
In base 5, what is -141423331221 - -24?
-141423331142
In base 7, what is -12341121 - 340?
-12341461
In base 16, what is 2cf5 + -1297?
1a5e
In base 8, what is -14 + -74215226?
-74215242
In base 3, what is 2022011 - 22200?
1222111
In base 14, what is 12583 - 7b?
12506
In base 2, what is 110010110100000 + 1110001111?
110100100101111
In base 16, what is 62c8 - -523?
67eb
In base 11, what is -6a81 - -1160?
-5921
In base 3, what is -1022220 + -1101202112211?
-1101210212201
In base 3, what is 11 + -100101120211002210?
-100101120211002122
In base 13, what is -b813c - -413?
-b7a29
In base 15, what is -3 - 1d3bdc0?
-1d3bdc3
In base 7, what is 323560 + -6?
323551
In base 4, what is 3 + -10220302310?
-10220302301
In base 13, what is -447b + 76a?
-3a11
In base 9, what is 58746323 - -4?
58746327
In base 16, what is 2 + -1154630?
-115462e
In base 4, what is 3131100 - -203?
3131303
In base 11, what is 210a4 + -2a0?
20904
In base 15, what is 4b + -124427?
-1243cb
In base 9, what is 655 + -115553?
-114787
In base 7, what is -4034 - -115153?
111116
In base 9, what is 31 - -554046?
554077
In base 4, what is 1203 - 20100102?
-20032233
In base 4, what is -3 + 11231021?
11231012
In base 14, what is -106b - -1830?
7a3
In base 8, what is -12763 + 10062?
-2701
In base 3, what is -12110111102222 - -2101?
-12110111100121
In base 6, what is 5350154422 - 2?
5350154420
In base 13, what is bb + c7682?
c7770
In base 15, what is 4d4332 - 5?
4d432c
In base 7, what is 15 - 26336023?
-26336005
In base 7, what is -1324 + 2140114?
2135460
In base 7, what is -53550163 + 12?
-53550151
In base 13, what is 661bb41 - -6?
661bb47
In base 13, what is -3 - 61449a?
-6144a0
In base 14, what is d8647 + 13?
d865a
In base 13, what is -688228 - 35?
-688260
In base 8, what is 3107 - -10732?
14041
In base 12, what is -4 + 1184713?
118470b
In base 12, what is -7998 + 249?
-774b
In base 5, what is -22232242 - -304?
-22231433
In base 14, what is 422b8 + 2?
422ba
In base 9, what is 546 + -318573?
-318026
In base 6, what is 211101221 - 3?
211101214
In base 12, what is 8251 - -3058?
b2a9
In base 13, what is 30 + 1bcac?
1c00c
In base 12, what is 75164b2 - -b?
7516501
In base 4, what is -10230 + -1022321110?
-1022332000
In base 16, what is ee0 - 236?
caa
In base 4, what is 3 + -12301302120300?
-12301302120231
In base 16, what is -be6d - -7?
-be66
In base 9, what is -13731505 + 48?
-13731446
In base 13, what is 1 + -208115a?
-2081159
In base 5, what is 11440 + 1304?
13244
In base 15, what is -c18dc - e?
-c18eb
In base 6, what is -12 + -550102303?
-550102315
In base 10, what is -207473265 + 2?
-207473263
In base 2, what is -111101111110 + 1011100001100011?
1010100011100101
In base 13, what is -2bc - 199163?
-199452
In base 9, what is -43662 - -3848?
-38713
In base 5, what is -23 - 11414202002?
-11414202030
In base 14, what is 2b16cac6 + 5?
2b16cacb
In base 7, what is -106604516 + -6?
-106604525
In base 11, what is 26088a5 - 8?
2608898
In base 2, what is 111010101 - 100100010001000?
-100011010110011
In base 11, what is -5057 - aa?
-5156
In base 5, what is 2202231411 - 42?
2202231314
In base 8, what is -106551350 - 0?
-106551350
In base 2, what is 1101100010101 - -111111100000100?
1001101000011001
In base 5, what is -234 - 22123141?
-22123430
In base 10, what is 5595 - -127?
5722
In base 11, what is -581 + 9798?
9217
In base 2, what is 1110110 + 1000101110101100101?
1000101110111011011
In base 6, what is -2030 + -2420210?
-2422240
In base 13, what is -a48 + 1376?
62b
In base 3, what is -1222201120222110 - -201?
-1222201120221202
In base 12, what is -246147 - 116?
-246261
In base 9, what is -1 + -1168228?
-1168230
In base 11, what is 608 - -50263?
50870
In base 10, what is 297725 - 123?
297602
In base 6, what is 251 - -1230321?
1231012
In base 7, what is -554220342 + -21?
-554220363
In base 11, what is -45866 - -270?
-455a6
In base 13, what is 354 + -5b5a9?
-5b255
In base 13, what is 5 - 8a45c2?
-8a45ba
In base 16, what is 3b3dac7 - 4?
3b3dac3
In base 15, what is 7592 + -45b?
7136
In base 8, what is 6145 - -33170?
41335
In base 9, what is 33417 + 48?
33466
In base 9, what is 5 - 5028106?
-5028101
In base 14, what is 4 + -519a85?
-519a81
In base 6, what is -11505113 - 251?
-11505404
In base 12, what is -51 - -12b948?
12b8b7
In base 16, what is 2bb4 - 499?
271b
In base 15, what is 10ea + e11?
200b
In base 11, what is -9606 + 1071a?
2114
In base 5, what is -204203 - 2223?
-211431
In base 15, what is -1e + 4130b3?
413094
In base 4, what is 12 - 102120232013?
-102120232001
In base 16, what is -b172 + 92?
-b0e0
In base 3, what is 12 + -21102021000101?
-21102021000012
In base 13, what is 5ac - -5601?
5bb0
In base 3, what is -202212211000121221 - -12?
-202212211000121202
In base 2, what is 100011111111011 - -110110000?
100100110101011
In base 11, what is -1 - 22958841?
-22958842
In base 9, what is 12357050 + 10?
12357060
In base 10, what is -18945 + 725?
-18220
In base 6, what is -10 + 250025431?
250025421
In base 10, what is 3 + 1373532?
1373535
In base 16, what is -1 + 4614fdd?
4614fdc
In base 3, what is -20 - -20222100021?
20222100001
In base